{"id":41,"date":"2015-05-25T12:08:50","date_gmt":"2015-05-25T12:08:50","guid":{"rendered":"http:\/\/localhost\/2015\/Sep\/Ares.25728\/?page_id=41"},"modified":"2023-10-09T13:26:13","modified_gmt":"2023-10-09T16:26:13","slug":"about-us","status":"publish","type":"page","link":"https:\/\/www.dryada.com.ar\/?page_id=41","title":{"rendered":"Sobre Dryada"},"content":{"rendered":"<div class=\"row  \" ><div class=\"container\"><div class=\"row row-edge\">\n<div class=\"col-xs-12 col-sm-12 col-md-12 col-lg-12\">\n<h2>\u00bfQu\u00e9 es Dryada?<\/h2>\n<p>Somos el puente entre la industria, el arte y la tecnolog\u00eda. Buscamos unir distintos mundos a trav\u00e9s de trabajos hechos a la medida de cada empresa y proyecto.<br \/>\nEn Dryada somos servicio, te escuchamos y te proponemos una soluci\u00f3n para tu proyecto. Siempre trabajamos con la mejor tecnolog\u00eda internacional en lo que respecta a impresi\u00f3n 3D, y escaneo 3D.<br \/>\nNuestra amplia gama de tecnolog\u00edas nos permite ofrecerte distintas posibilidades seg\u00fan lo que requieras para tu proyecto. Siempre vamos a trabajar con la mejor calidad, pero podemos utilizar distintos materiales seg\u00fan tus necesidades.<br \/>\n\u00a1Trabajamos de forma dedicada para hacer realidad tus sue\u00f1os, sean en la industria o el arte!<br \/>\n\u00a1Si estabas buscando filamentos novedosos, de alta performance y con calidad internacional para tu impresora 3D, tambi\u00e9n llegaste al lugar indicado, tenemos a tu disposici\u00f3n todos los filamentos SMART MATERIALS 3D!<\/p>\n<p><strong>Algunas preguntas que te pod\u00e9s estar haciendo:<\/strong><\/p>\n<p style=\"padding-left: 40px;\">\u2192 \u00bfRealizamos proyectos a tu medida, tanto en cantidad, como tama\u00f1o y costos? Si<br \/>\n\u2192 \u00bfRealizamos control de calidad de tus productos mediante escaneo 3D? Si<br \/>\n\u2192 \u00bfTrabajamos con impresi\u00f3n 3D en cer\u00e1mica y metal? Si<br \/>\n\u2192 \u00bfElaboramos proyectos a gran escala? S\u00ed, por ejemplo, hicimos el gemelo digital de \u201cEl David\u201d de Miguel \u00c1ngel y tambi\u00e9n el escaneo 3D del Tanque Argentino Mediano.<br \/>\n\u2192 \u00bfCon qu\u00e9 tecnolog\u00eda trabajamos? Stratasys, Shinning, MakerBot, Smart Materials 3D y Zetamix<br \/>\n\u2192 \u00bfCon qu\u00e9 industrias trabajamos? Automotriz, pesada, industria blanca, repuestos, bienes de capital, textil, medicinal.<br \/>\n\u2192 \u00bfQu\u00e9 trabajamos de arte hemos hecho? Todo lo que te imaginas, desde El David al Sill\u00f3n de Rivadavia, con una parada intermedia en la realizaci\u00f3n de dise\u00f1o y la impresi\u00f3n 3D de premios para medios de comunicaci\u00f3n. Conocelos todos aqu\u00ed.<br \/>\n\u2192 \u00bfBrindamos capacitaciones individuales y personalizadas? Si!<br \/>\n\u2192 \u00bfOfrecemos capacitaciones a instituciones y empresas con demostraciones en vivo? Si!<\/p>\n<p><a class=\"single-popup-image\" href=\"https:\/\/www.dryada.com.ar\/wp-content\/uploads\/2019\/07\/Banner.png\"><img loading=\"lazy\" decoding=\"async\" class=\"size-full wp-image-1551 aligncenter\" src=\"https:\/\/www.dryada.com.ar\/wp-content\/uploads\/2019\/07\/Banner.png\" alt=\"\" width=\"851\" height=\"365\" srcset=\"https:\/\/www.dryada.com.ar\/wp-content\/uploads\/2019\/07\/Banner.png 851w, https:\/\/www.dryada.com.ar\/wp-content\/uploads\/2019\/07\/Banner-300x129.png 300w, https:\/\/www.dryada.com.ar\/wp-content\/uploads\/2019\/07\/Banner-768x329.png 768w\" sizes=\"auto, (max-width: 851px) 100vw, 851px\" \/><\/a><\/p>\n<p style=\"text-align: center;\"><iframe loading=\"lazy\" title=\"YouTube video player\" src=\"https:\/\/www.youtube.com\/embed\/-HS0_8G0yDM?si=F4fB8aXLXCekOxwB\" width=\"800\" height=\"550\" frameborder=\"0\" allowfullscreen=\"allowfullscreen\"><\/iframe><\/p>\n<p>&nbsp;<\/p>\n<table style=\"width: 100%; text-align: left;\">\n<tbody>\n<tr>\n<td style=\"width: 25%; text-align: center;\"><a href=\"https:\/\/www.youtube.com\/shorts\/zGBBiONIxCc\" target=\"_blank\" rel=\"noopener\"><img decoding=\"async\" class=\"aligncenter\" src=\"https:\/\/www.dryada.com.ar\/wp-content\/uploads\/2023\/09\/pasoapaso-dav.png\" alt=\"\" \/><\/a><\/td>\n<td style=\"width: 25%; text-align: center;\"><a href=\"https:\/\/www.youtube.com\/shorts\/vW1EV0OURrg\" target=\"_blank\" rel=\"noopener\"><img decoding=\"async\" class=\"aligncenter\" src=\"https:\/\/www.dryada.com.ar\/wp-content\/uploads\/2023\/09\/escaneo-david.png\" alt=\"\" \/><\/a><\/td>\n<td style=\"width: 25.0000%;\"><a href=\"https:\/\/www.youtube.com\/shorts\/4_02Ml4BApA\" target=\"_blank\" rel=\"noopener\"><img decoding=\"async\" class=\"aligncenter\" src=\"https:\/\/www.dryada.com.ar\/wp-content\/uploads\/2023\/09\/arte-impresion.png\" alt=\"\" \/><\/a><\/td>\n<td style=\"width: 25.0000%;\"><a href=\"https:\/\/www.youtube.com\/shorts\/_iy6AWiMMz4?si=zlpb_FhYrmjxhIEr\" target=\"_blank\" rel=\"noopener\"><img decoding=\"async\" class=\"aligncenter\" src=\"https:\/\/www.dryada.com.ar\/wp-content\/uploads\/2023\/09\/servicios-escaneo.png\" alt=\"\" \/><\/a><\/td>\n<\/tr>\n<\/tbody>\n<\/table>\n<p>&nbsp;<\/p>\n<p>&nbsp;<\/p>\n<div class=\"post-gallery popup-gallery\" data-init='{\"infinite\":true,\"speed\":400,\"fade\":true,\"cssEase\":\"linear\",\"adaptiveHeight\":true,\"dots\":false,\"dotsClass\":\"post-gallery_paging\",\"dotsFormat\":\"<span class=\\\"post-gallery_paging_item\\\"><\\\/span>\",\"prevArrow\":\"<span class=\\\"post-gallery_prev\\\"><\\\/span>\",\"nextArrow\":\"<span class=\\\"post-gallery_next\\\"><\\\/span>\"}' data-popup-init='{\"delegate\":\".popup-gallery-item\",\"type\":\"image\",\"gallery\":{\"enabled\":true}}'><figure class=\"post-gallery_item\"><img loading=\"lazy\" decoding=\"async\" width=\"1170\" height=\"780\" src=\"https:\/\/www.dryada.com.ar\/wp-content\/uploads\/2023\/09\/1-1170x780.jpg\" class=\"post-gallery_item_img\" alt=\"\" srcset=\"https:\/\/www.dryada.com.ar\/wp-content\/uploads\/2023\/09\/1-1170x780.jpg 1170w, https:\/\/www.dryada.com.ar\/wp-content\/uploads\/2023\/09\/1-300x200.jpg 300w, https:\/\/www.dryada.com.ar\/wp-content\/uploads\/2023\/09\/1-1024x683.jpg 1024w, https:\/\/www.dryada.com.ar\/wp-content\/uploads\/2023\/09\/1-768x512.jpg 768w, https:\/\/www.dryada.com.ar\/wp-content\/uploads\/2023\/09\/1.jpg 1200w\" sizes=\"auto, (max-width: 1170px) 100vw, 1170px\" \/><\/figure>\r\n<figure class=\"post-gallery_item nth-child\"><img loading=\"lazy\" decoding=\"async\" width=\"1170\" height=\"780\" src=\"https:\/\/www.dryada.com.ar\/wp-content\/uploads\/2023\/09\/2-1170x780.jpg\" class=\"post-gallery_item_img\" alt=\"\" srcset=\"https:\/\/www.dryada.com.ar\/wp-content\/uploads\/2023\/09\/2-1170x780.jpg 1170w, https:\/\/www.dryada.com.ar\/wp-content\/uploads\/2023\/09\/2-300x200.jpg 300w, https:\/\/www.dryada.com.ar\/wp-content\/uploads\/2023\/09\/2-1024x683.jpg 1024w, https:\/\/www.dryada.com.ar\/wp-content\/uploads\/2023\/09\/2-768x512.jpg 768w, https:\/\/www.dryada.com.ar\/wp-content\/uploads\/2023\/09\/2.jpg 1200w\" sizes=\"auto, (max-width: 1170px) 100vw, 1170px\" \/><\/figure>\r\n<figure class=\"post-gallery_item nth-child\"><img loading=\"lazy\" decoding=\"async\" width=\"1170\" height=\"780\" src=\"https:\/\/www.dryada.com.ar\/wp-content\/uploads\/2023\/09\/zirconia2-1170x780.jpg\" class=\"post-gallery_item_img\" alt=\"\" \/><\/figure>\r\n<figure class=\"post-gallery_item nth-child\"><img loading=\"lazy\" decoding=\"async\" width=\"1170\" height=\"780\" src=\"https:\/\/www.dryada.com.ar\/wp-content\/uploads\/2023\/09\/zirconia1-1170x780.jpg\" class=\"post-gallery_item_img\" alt=\"\" \/><\/figure>\r\n<figure class=\"post-gallery_item nth-child\"><img loading=\"lazy\" decoding=\"async\" width=\"882\" height=\"665\" src=\"https:\/\/www.dryada.com.ar\/wp-content\/uploads\/2023\/09\/Sin-titulo-5.jpg\" class=\"post-gallery_item_img\" alt=\"\" srcset=\"https:\/\/www.dryada.com.ar\/wp-content\/uploads\/2023\/09\/Sin-titulo-5.jpg 882w, https:\/\/www.dryada.com.ar\/wp-content\/uploads\/2023\/09\/Sin-titulo-5-300x226.jpg 300w, https:\/\/www.dryada.com.ar\/wp-content\/uploads\/2023\/09\/Sin-titulo-5-768x579.jpg 768w, https:\/\/www.dryada.com.ar\/wp-content\/uploads\/2023\/09\/Sin-titulo-5-200x150.jpg 200w\" sizes=\"auto, (max-width: 882px) 100vw, 882px\" \/><\/figure>\r\n<figure class=\"post-gallery_item nth-child\"><img loading=\"lazy\" decoding=\"async\" width=\"960\" height=\"780\" src=\"https:\/\/www.dryada.com.ar\/wp-content\/uploads\/2023\/09\/Silla-Rivadavia-22-960x780.jpg\" class=\"post-gallery_item_img\" alt=\"\" \/><\/figure>\r\n<figure class=\"post-gallery_item nth-child\"><img loading=\"lazy\" decoding=\"async\" width=\"1170\" height=\"780\" src=\"https:\/\/www.dryada.com.ar\/wp-content\/uploads\/2023\/09\/prototipado-1170x780.jpg\" class=\"post-gallery_item_img\" alt=\"\" \/><\/figure>\r\n<figure class=\"post-gallery_item nth-child\"><img loading=\"lazy\" decoding=\"async\" width=\"1170\" height=\"780\" src=\"https:\/\/www.dryada.com.ar\/wp-content\/uploads\/2023\/09\/llave-corazon-1-1170x780.jpg\" class=\"post-gallery_item_img\" alt=\"\" \/><\/figure>\r\n<figure class=\"post-gallery_item nth-child\"><img loading=\"lazy\" decoding=\"async\" width=\"960\" height=\"780\" src=\"https:\/\/www.dryada.com.ar\/wp-content\/uploads\/2023\/09\/impresion3dypostprocesado-960x780.jpg\" class=\"post-gallery_item_img\" alt=\"\" \/><\/figure>\r\n<figure class=\"post-gallery_item nth-child\"><img loading=\"lazy\" decoding=\"async\" width=\"1170\" height=\"720\" src=\"https:\/\/www.dryada.com.ar\/wp-content\/uploads\/2023\/09\/IMG-20171129-WA0002-1170x720.jpg\" class=\"post-gallery_item_img\" alt=\"\" \/><\/figure>\r\n<figure class=\"post-gallery_item nth-child\"><img loading=\"lazy\" decoding=\"async\" width=\"1170\" height=\"780\" src=\"https:\/\/www.dryada.com.ar\/wp-content\/uploads\/2023\/09\/apnoias-3-1170x780.jpg\" class=\"post-gallery_item_img\" alt=\"\" \/><\/figure>\r\n<figure class=\"post-gallery_item nth-child\"><img loading=\"lazy\" decoding=\"async\" width=\"1170\" height=\"780\" src=\"https:\/\/www.dryada.com.ar\/wp-content\/uploads\/2023\/09\/20220322_150727-1170x780.jpg\" class=\"post-gallery_item_img\" alt=\"\" \/><\/figure>\r\n<figure class=\"post-gallery_item nth-child\"><img loading=\"lazy\" decoding=\"async\" width=\"1170\" height=\"780\" src=\"https:\/\/www.dryada.com.ar\/wp-content\/uploads\/2023\/09\/20200622_094821-1170x780.jpg\" class=\"post-gallery_item_img\" alt=\"\" \/><\/figure>\r\n<figure class=\"post-gallery_item nth-child\"><img loading=\"lazy\" decoding=\"async\" width=\"1170\" height=\"780\" src=\"https:\/\/www.dryada.com.ar\/wp-content\/uploads\/2023\/09\/20200107_113237-1170x780.jpg\" class=\"post-gallery_item_img\" alt=\"\" \/><\/figure><\/div>\n<\/div>\n<\/div><\/div><\/div>\n","protected":false},"excerpt":{"rendered":"","protected":false},"author":1,"featured_media":0,"parent":0,"menu_order":0,"comment_status":"closed","ping_status":"closed","template":"","meta":{"footnotes":""},"class_list":["post-41","page","type-page","status-publish","hentry"],"_links":{"self":[{"href":"https:\/\/www.dryada.com.ar\/index.php?rest_route=\/wp\/v2\/pages\/41","targetHints":{"allow":["GET"]}}],"collection":[{"href":"https:\/\/www.dryada.com.ar\/index.php?rest_route=\/wp\/v2\/pages"}],"about":[{"href":"https:\/\/www.dryada.com.ar\/index.php?rest_route=\/wp\/v2\/types\/page"}],"author":[{"embeddable":true,"href":"https:\/\/www.dryada.com.ar\/index.php?rest_route=\/wp\/v2\/users\/1"}],"replies":[{"embeddable":true,"href":"https:\/\/www.dryada.com.ar\/index.php?rest_route=%2Fwp%2Fv2%2Fcomments&post=41"}],"version-history":[{"count":113,"href":"https:\/\/www.dryada.com.ar\/index.php?rest_route=\/wp\/v2\/pages\/41\/revisions"}],"predecessor-version":[{"id":2515,"href":"https:\/\/www.dryada.com.ar\/index.php?rest_route=\/wp\/v2\/pages\/41\/revisions\/2515"}],"wp:attachment":[{"href":"https:\/\/www.dryada.com.ar\/index.php?rest_route=%2Fwp%2Fv2%2Fmedia&parent=41"}],"curies":[{"name":"wp","href":"https:\/\/api.w.org\/{rel}","templated":true}]}}