{"id":2276,"date":"2023-07-10T15:52:42","date_gmt":"2023-07-10T18:52:42","guid":{"rendered":"https:\/\/www.dryada.com.ar\/?page_id=2276"},"modified":"2023-07-10T17:20:30","modified_gmt":"2023-07-10T20:20:30","slug":"insumos-ultimaker","status":"publish","type":"page","link":"https:\/\/www.dryada.com.ar\/?page_id=2276","title":{"rendered":"Insumos Ultimaker"},"content":{"rendered":"<p><img decoding=\"async\" class=\"aligncenter\" src=\"https:\/\/ultimaker.com\/wp-content\/themes\/ultimaker\/media\/UltiMaker_Logo.svg\" alt=\"Ultimaker\" \/><\/p>\n<h3 style=\"text-align: center;\">Filamentos Ultimaker<\/h3>\n<p><strong>Materiales de la serie S<\/strong><br \/>\nImpresi\u00f3n 3D con 280+ filamentos.<\/p>\n<p>&nbsp;<\/p>\n<table>\n<tbody>\n<tr>\n<td><a class=\"single-popup-image\" href=\"https:\/\/www.dryada.com.ar\/wp-content\/uploads\/2023\/07\/ultimaker-pet-01.png\"><img loading=\"lazy\" decoding=\"async\" class=\"alignleft size-full wp-image-2300\" src=\"https:\/\/www.dryada.com.ar\/wp-content\/uploads\/2023\/07\/ultimaker-pet-01.png\" alt=\"\" width=\"150\" height=\"118\" \/><\/a><\/td>\n<td><a class=\"single-popup-image\" href=\"https:\/\/www.dryada.com.ar\/wp-content\/uploads\/2023\/07\/ultimaker-tought-pla-01.png\"><img loading=\"lazy\" decoding=\"async\" class=\"alignleft size-full wp-image-2303\" src=\"https:\/\/www.dryada.com.ar\/wp-content\/uploads\/2023\/07\/ultimaker-tought-pla-01.png\" alt=\"\" width=\"150\" height=\"120\" \/><\/a><\/td>\n<td><img loading=\"lazy\" decoding=\"async\" class=\"alignleft size-full wp-image-2302\" src=\"https:\/\/www.dryada.com.ar\/wp-content\/uploads\/2023\/07\/ultimaker-pla-01.png\" alt=\"\" width=\"150\" height=\"117\" \/><\/td>\n<td><a class=\"single-popup-image\" href=\"https:\/\/ultimaker.com\/materials\/s-series-pet-carbon-fiber\/\" target=\"_blank\" rel=\"noopener\"><img loading=\"lazy\" decoding=\"async\" class=\"alignleft size-full wp-image-2301\" src=\"https:\/\/www.dryada.com.ar\/wp-content\/uploads\/2023\/07\/ultimaker-petG-01.png\" alt=\"\" width=\"150\" height=\"118\" \/><\/a><\/td>\n<\/tr>\n<tr>\n<td><a href=\"https:\/\/ultimaker.com\/materials\/s-series-pet-carbon-fiber\/\"><strong>+ info<\/strong><\/a><\/td>\n<td><a href=\"https:\/\/ultimaker.com\/materials\/s-series-tough-pla\/\"><strong>+ info<\/strong><\/a><\/td>\n<td><strong><a href=\"https:\/\/ultimaker.com\/materials\/s-series-pla\/\" target=\"_blank\" rel=\"noopener\">+ info<\/a><\/strong><\/td>\n<td><strong><a href=\"https:\/\/ultimaker.com\/materials\/s-series-petg\/\" target=\"_blank\" rel=\"noopener\">+ info<\/a><\/strong><\/td>\n<\/tr>\n<tr>\n<td><a class=\"single-popup-image\" href=\"https:\/\/www.dryada.com.ar\/wp-content\/uploads\/2023\/07\/ultimaker-abs-01.png\"><img loading=\"lazy\" decoding=\"async\" class=\"alignleft size-full wp-image-2295\" src=\"https:\/\/www.dryada.com.ar\/wp-content\/uploads\/2023\/07\/ultimaker-abs-01.png\" alt=\"\" width=\"150\" height=\"118\" \/><\/a><\/td>\n<td><a class=\"single-popup-image\" href=\"https:\/\/www.dryada.com.ar\/wp-content\/uploads\/2023\/07\/ultimaker-cpe-01.png\"><img loading=\"lazy\" decoding=\"async\" class=\"alignleft size-full wp-image-2296\" src=\"https:\/\/www.dryada.com.ar\/wp-content\/uploads\/2023\/07\/ultimaker-cpe-01.png\" alt=\"\" width=\"150\" height=\"118\" \/><\/a><\/td>\n<td><a class=\"single-popup-image\" href=\"https:\/\/www.dryada.com.ar\/wp-content\/uploads\/2023\/07\/ultimaker-cpemas-01.png\"><img loading=\"lazy\" decoding=\"async\" class=\"alignleft size-full wp-image-2297\" src=\"https:\/\/www.dryada.com.ar\/wp-content\/uploads\/2023\/07\/ultimaker-cpemas-01.png\" alt=\"\" width=\"150\" height=\"122\" \/><\/a><\/td>\n<td><a class=\"single-popup-image\" href=\"https:\/\/www.dryada.com.ar\/wp-content\/uploads\/2023\/07\/ultimaker-nylon-01.png\"><img loading=\"lazy\" decoding=\"async\" class=\"alignleft size-full wp-image-2298\" src=\"https:\/\/www.dryada.com.ar\/wp-content\/uploads\/2023\/07\/ultimaker-nylon-01.png\" alt=\"\" width=\"150\" height=\"122\" \/><\/a><\/td>\n<\/tr>\n<tr>\n<td><a href=\"https:\/\/ultimaker.com\/materials\/s-series-abs\/\"><strong>+ info<\/strong><\/a><\/td>\n<td><a href=\"https:\/\/ultimaker.com\/materials\/s-series-cpe\/\"><strong>+ info<\/strong><\/a><\/td>\n<td><strong><a href=\"https:\/\/ultimaker.com\/materials\/s-series-cpe-plus\/\" target=\"_blank\" rel=\"noopener\">+ info<\/a><\/strong><\/td>\n<td><strong><a href=\"https:\/\/ultimaker.com\/materials\/s-series-nylon\/\" target=\"_blank\" rel=\"noopener\">+ info<\/a><\/strong><\/td>\n<\/tr>\n<tr>\n<td><a class=\"single-popup-image\" href=\"https:\/\/www.dryada.com.ar\/wp-content\/uploads\/2023\/07\/ultimaker-pc-01.png\"><img loading=\"lazy\" decoding=\"async\" class=\"alignleft size-full wp-image-2299\" src=\"https:\/\/www.dryada.com.ar\/wp-content\/uploads\/2023\/07\/ultimaker-pc-01.png\" alt=\"\" width=\"150\" height=\"119\" \/><\/a><\/td>\n<td><a class=\"single-popup-image\" href=\"https:\/\/www.dryada.com.ar\/wp-content\/uploads\/2023\/07\/ultimaker-tpu-95a-01.png\"><img loading=\"lazy\" decoding=\"async\" class=\"alignleft size-full wp-image-2304\" src=\"https:\/\/www.dryada.com.ar\/wp-content\/uploads\/2023\/07\/ultimaker-tpu-95a-01.png\" alt=\"\" width=\"150\" height=\"120\" \/><\/a><\/td>\n<td><a class=\"single-popup-image\" href=\"https:\/\/www.dryada.com.ar\/wp-content\/uploads\/2023\/07\/pp-ultimaker-01.png\"><img loading=\"lazy\" decoding=\"async\" class=\"alignleft size-full wp-image-2294\" src=\"https:\/\/www.dryada.com.ar\/wp-content\/uploads\/2023\/07\/pp-ultimaker-01.png\" alt=\"\" width=\"150\" height=\"121\" \/><\/a><\/td>\n<td><\/td>\n<\/tr>\n<tr>\n<td><a href=\"https:\/\/ultimaker.com\/materials\/s-series-pc\/\"><strong>+ info<\/strong><\/a><\/td>\n<td><a href=\"https:\/\/ultimaker.com\/materials\/s-series-tpu-95a\/\"><strong>+ info<\/strong><\/a><\/td>\n<td><strong><a href=\"https:\/\/ultimaker.com\/materials\/s-series-pp\/\" target=\"_blank\" rel=\"noopener\">+ info<\/a><\/strong><\/td>\n<td><\/td>\n<\/tr>\n<\/tbody>\n<\/table>\n<p>&nbsp;<\/p>\n<p><strong>Polimeros<\/strong><br \/>\nImprima conjuntos mec\u00e1nicos complejos con materiales de producci\u00f3n reales<\/p>\n<table>\n<tbody>\n<tr>\n<td><a class=\"single-popup-image\" href=\"https:\/\/www.dryada.com.ar\/wp-content\/uploads\/2023\/07\/toughpla.png\"><img loading=\"lazy\" decoding=\"async\" class=\"alignleft size-full wp-image-2316\" src=\"https:\/\/www.dryada.com.ar\/wp-content\/uploads\/2023\/07\/toughpla.png\" alt=\"\" width=\"150\" height=\"120\" \/><\/a><\/td>\n<td><a class=\"single-popup-image\" href=\"https:\/\/www.dryada.com.ar\/wp-content\/uploads\/2023\/07\/pla.png\"><img loading=\"lazy\" decoding=\"async\" class=\"alignleft size-full wp-image-2315\" src=\"https:\/\/www.dryada.com.ar\/wp-content\/uploads\/2023\/07\/pla.png\" alt=\"\" width=\"150\" height=\"120\" \/><\/a><\/td>\n<td><a class=\"single-popup-image\" href=\"https:\/\/www.dryada.com.ar\/wp-content\/uploads\/2023\/07\/petG.png\"><img loading=\"lazy\" decoding=\"async\" class=\"alignleft size-full wp-image-2314\" src=\"https:\/\/www.dryada.com.ar\/wp-content\/uploads\/2023\/07\/petG.png\" alt=\"\" width=\"150\" height=\"120\" \/><\/a><\/td>\n<td><a class=\"single-popup-image\" href=\"https:\/\/www.dryada.com.ar\/wp-content\/uploads\/2023\/07\/abs.png\"><img loading=\"lazy\" decoding=\"async\" class=\"alignleft size-full wp-image-2308\" src=\"https:\/\/www.dryada.com.ar\/wp-content\/uploads\/2023\/07\/abs.png\" alt=\"\" width=\"150\" height=\"120\" \/><\/a><\/td>\n<\/tr>\n<tr>\n<td><a href=\"https:\/\/ultimaker.com\/materials\/method-series-tough-pla\/\"><strong>+ info<\/strong><\/a><\/td>\n<td><a href=\"https:\/\/ultimaker.com\/materials\/method-series-pla\/\"><strong>+ info<\/strong><\/a><\/td>\n<td><strong><a href=\"https:\/\/ultimaker.com\/materials\/method-series-petg\/\" target=\"_blank\" rel=\"noopener\">+ info<\/a><\/strong><\/td>\n<td><strong><a href=\"https:\/\/ultimaker.com\/materials\/method-series-abs\/\" target=\"_blank\" rel=\"noopener\">+ info<\/a><\/strong><\/td>\n<\/tr>\n<tr>\n<td><a class=\"single-popup-image\" href=\"https:\/\/www.dryada.com.ar\/wp-content\/uploads\/2023\/07\/abs-r.png\"><img loading=\"lazy\" decoding=\"async\" class=\"alignleft size-full wp-image-2309\" src=\"https:\/\/www.dryada.com.ar\/wp-content\/uploads\/2023\/07\/abs-r.png\" alt=\"\" width=\"150\" height=\"120\" \/><\/a><\/td>\n<td><a class=\"single-popup-image\" href=\"https:\/\/www.dryada.com.ar\/wp-content\/uploads\/2023\/07\/asa.png\"><img loading=\"lazy\" decoding=\"async\" class=\"alignleft size-full wp-image-2310\" src=\"https:\/\/www.dryada.com.ar\/wp-content\/uploads\/2023\/07\/asa.png\" alt=\"\" width=\"150\" height=\"120\" \/><\/a><\/td>\n<td><a class=\"single-popup-image\" href=\"https:\/\/www.dryada.com.ar\/wp-content\/uploads\/2023\/07\/nylon-.png\"><img loading=\"lazy\" decoding=\"async\" class=\"alignleft size-full wp-image-2311\" src=\"https:\/\/www.dryada.com.ar\/wp-content\/uploads\/2023\/07\/nylon-.png\" alt=\"\" width=\"150\" height=\"120\" \/><\/a><\/td>\n<td><a class=\"single-popup-image\" href=\"https:\/\/www.dryada.com.ar\/wp-content\/uploads\/2023\/07\/pc-abs.png\"><img loading=\"lazy\" decoding=\"async\" class=\"alignleft size-full wp-image-2312\" src=\"https:\/\/www.dryada.com.ar\/wp-content\/uploads\/2023\/07\/pc-abs.png\" alt=\"\" width=\"150\" height=\"120\" \/><\/a><\/td>\n<\/tr>\n<tr>\n<td><a href=\"https:\/\/ultimaker.com\/materials\/method-series-abs-r\/\"><strong>+ info<\/strong><\/a><\/td>\n<td><a href=\"https:\/\/ultimaker.com\/materials\/method-series-asa\/\"><strong>+ info<\/strong><\/a><\/td>\n<td><strong><a href=\"https:\/\/ultimaker.com\/materials\/method-series-nylon\/\" target=\"_blank\" rel=\"noopener\">+ info<\/a><\/strong><\/td>\n<td><strong><a href=\"https:\/\/ultimaker.com\/materials\/method-series-pc-abs\/\" target=\"_blank\" rel=\"noopener\">+ info<\/a><\/strong><\/td>\n<\/tr>\n<tr>\n<td><a class=\"single-popup-image\" href=\"https:\/\/www.dryada.com.ar\/wp-content\/uploads\/2023\/07\/pc-abs-fr.png\"><img loading=\"lazy\" decoding=\"async\" class=\"alignleft size-full wp-image-2313\" src=\"https:\/\/www.dryada.com.ar\/wp-content\/uploads\/2023\/07\/pc-abs-fr.png\" alt=\"\" width=\"150\" height=\"120\" \/><\/a><\/td>\n<td><\/td>\n<td><\/td>\n<td><\/td>\n<\/tr>\n<tr>\n<td><a href=\"https:\/\/ultimaker.com\/materials\/method-series-pc-abs-fr\/\"><strong>+ info<\/strong><\/a><\/td>\n<td><\/td>\n<td><\/td>\n<td><\/td>\n<\/tr>\n<\/tbody>\n<\/table>\n<p>&nbsp;<\/p>\n<p><strong>Composites<\/strong><br \/>\nProduzca herramientas y piezas de uso final con resistencia, rigidez y deflexi\u00f3n t\u00e9rmicas mejoradas.<\/p>\n<table>\n<tbody>\n<tr>\n<td><a class=\"single-popup-image\" href=\"https:\/\/www.dryada.com.ar\/wp-content\/uploads\/2023\/07\/n6.png\"><img loading=\"lazy\" decoding=\"async\" class=\"alignleft size-full wp-image-2320\" src=\"https:\/\/www.dryada.com.ar\/wp-content\/uploads\/2023\/07\/n6.png\" alt=\"\" width=\"150\" height=\"120\" \/><\/a><\/td>\n<td><a class=\"single-popup-image\" href=\"https:\/\/www.dryada.com.ar\/wp-content\/uploads\/2023\/07\/n12.png\"><img loading=\"lazy\" decoding=\"async\" class=\"alignleft size-full wp-image-2319\" src=\"https:\/\/www.dryada.com.ar\/wp-content\/uploads\/2023\/07\/n12.png\" alt=\"\" width=\"150\" height=\"120\" \/><\/a><\/td>\n<td><a class=\"single-popup-image\" href=\"https:\/\/www.dryada.com.ar\/wp-content\/uploads\/2023\/07\/abs-carbon.png\"><img loading=\"lazy\" decoding=\"async\" class=\"alignleft size-full wp-image-2318\" src=\"https:\/\/www.dryada.com.ar\/wp-content\/uploads\/2023\/07\/abs-carbon.png\" alt=\"\" width=\"150\" height=\"120\" \/><\/a><\/td>\n<td><\/td>\n<\/tr>\n<tr>\n<td><a href=\"https:\/\/ultimaker.com\/materials\/method-series-nylon-carbon-fiber\/\" target=\"_blank\" rel=\"noopener\"><strong>+ info<\/strong><\/a><\/td>\n<td><a href=\"https:\/\/ultimaker.com\/materials\/method-series-nylon-12-carbon-fiber\/\" target=\"_blank\" rel=\"noopener\"><strong>+ info<\/strong><\/a><\/td>\n<td><a href=\"https:\/\/ultimaker.com\/materials\/method-series-abs-carbon-fiber\/\" target=\"_blank\" rel=\"noopener\"><strong>+ info<\/strong><\/a><\/td>\n<td><\/td>\n<\/tr>\n<\/tbody>\n<\/table>\n<p>&nbsp;<\/p>\n<p><strong>Materiales de apoyo<\/strong><br \/>\nLos soportes de disoluci\u00f3n de precisi\u00f3n garantizan una eliminaci\u00f3n r\u00e1pida y sin esfuerzo del soporte para sus impresiones m\u00e1s complejas.<\/p>\n<table>\n<tbody>\n<tr>\n<td><a class=\"single-popup-image\" href=\"https:\/\/www.dryada.com.ar\/wp-content\/uploads\/2023\/07\/PVA-ultimaker.png\"><img loading=\"lazy\" decoding=\"async\" class=\"alignleft size-full wp-image-2323\" src=\"https:\/\/www.dryada.com.ar\/wp-content\/uploads\/2023\/07\/PVA-ultimaker.png\" alt=\"\" width=\"150\" height=\"120\" \/><\/a><\/td>\n<td><a class=\"single-popup-image\" href=\"https:\/\/www.dryada.com.ar\/wp-content\/uploads\/2023\/07\/rapidRinse-ultimaker.png\"><img loading=\"lazy\" decoding=\"async\" class=\"alignleft size-full wp-image-2322\" src=\"https:\/\/www.dryada.com.ar\/wp-content\/uploads\/2023\/07\/rapidRinse-ultimaker.png\" alt=\"\" width=\"150\" height=\"120\" \/><\/a><\/td>\n<td><a class=\"single-popup-image\" href=\"https:\/\/www.dryada.com.ar\/wp-content\/uploads\/2023\/07\/sr-30-ultimaker.png\"><img loading=\"lazy\" decoding=\"async\" class=\"alignleft size-full wp-image-2321\" src=\"https:\/\/www.dryada.com.ar\/wp-content\/uploads\/2023\/07\/sr-30-ultimaker.png\" alt=\"\" width=\"150\" height=\"120\" \/><\/a><\/td>\n<td><\/td>\n<\/tr>\n<tr>\n<td><a href=\"https:\/\/ultimaker.com\/materials\/method-series-pva\/\" target=\"_blank\" rel=\"noopener\"><strong>+ info<\/strong><\/a><\/td>\n<td><a href=\"https:\/\/ultimaker.com\/materials\/method-series-rapidrinse\/\" target=\"_blank\" rel=\"noopener\"><strong>+ info<\/strong><\/a><\/td>\n<td><a href=\"https:\/\/ultimaker.com\/materials\/method-series-sr-30\/\" target=\"_blank\" rel=\"noopener\"><strong>+ info<\/strong><\/a><\/td>\n<td><\/td>\n<\/tr>\n<\/tbody>\n<\/table>\n<p>&nbsp;<\/p>\n<p>&nbsp;<\/p>\n<p>&nbsp;<\/p>\n","protected":false},"excerpt":{"rendered":"Filamentos Ultimaker Materiales de la serie S Impresi\u00f3n 3D con 280+ filamentos. &nbsp; + info + info + info + info + info + info + info + info + info + info + info &nbsp; Polimeros Imprima conjuntos mec\u00e1nicos complejos con materiales de producci\u00f3n reales + info + info + info + info +","protected":false},"author":4,"featured_media":0,"parent":1000,"menu_order":0,"comment_status":"closed","ping_status":"closed","template":"","meta":{"footnotes":""},"class_list":["post-2276","page","type-page","status-publish","hentry"],"_links":{"self":[{"href":"https:\/\/www.dryada.com.ar\/index.php?rest_route=\/wp\/v2\/pages\/2276","targetHints":{"allow":["GET"]}}],"collection":[{"href":"https:\/\/www.dryada.com.ar\/index.php?rest_route=\/wp\/v2\/pages"}],"about":[{"href":"https:\/\/www.dryada.com.ar\/index.php?rest_route=\/wp\/v2\/types\/page"}],"author":[{"embeddable":true,"href":"https:\/\/www.dryada.com.ar\/index.php?rest_route=\/wp\/v2\/users\/4"}],"replies":[{"embeddable":true,"href":"https:\/\/www.dryada.com.ar\/index.php?rest_route=%2Fwp%2Fv2%2Fcomments&post=2276"}],"version-history":[{"count":11,"href":"https:\/\/www.dryada.com.ar\/index.php?rest_route=\/wp\/v2\/pages\/2276\/revisions"}],"predecessor-version":[{"id":2324,"href":"https:\/\/www.dryada.com.ar\/index.php?rest_route=\/wp\/v2\/pages\/2276\/revisions\/2324"}],"up":[{"embeddable":true,"href":"https:\/\/www.dryada.com.ar\/index.php?rest_route=\/wp\/v2\/pages\/1000"}],"wp:attachment":[{"href":"https:\/\/www.dryada.com.ar\/index.php?rest_route=%2Fwp%2Fv2%2Fmedia&parent=2276"}],"curies":[{"name":"wp","href":"https:\/\/api.w.org\/{rel}","templated":true}]}}