{"id":1678,"date":"2019-10-17T13:31:40","date_gmt":"2019-10-17T16:31:40","guid":{"rendered":"https:\/\/www.dryada.com.ar\/?page_id=1678"},"modified":"2019-10-22T16:48:01","modified_gmt":"2019-10-22T19:48:01","slug":"kodak","status":"publish","type":"page","link":"https:\/\/www.dryada.com.ar\/?page_id=1678","title":{"rendered":"KODAK"},"content":{"rendered":"<div class=\"row row-edge  \" >\n<div class=\"col-md-12\">\n<p><a class=\"single-popup-image\" href=\"https:\/\/www.dryada.com.ar\/wp-content\/uploads\/2019\/10\/KODAK_p.jpg\"><img loading=\"lazy\" decoding=\"async\" class=\"alignleft size-full wp-image-1701\" src=\"https:\/\/www.dryada.com.ar\/wp-content\/uploads\/2019\/10\/KODAK_p.jpg\" alt=\"\" width=\"481\" height=\"212\" srcset=\"https:\/\/www.dryada.com.ar\/wp-content\/uploads\/2019\/10\/KODAK_p.jpg 481w, https:\/\/www.dryada.com.ar\/wp-content\/uploads\/2019\/10\/KODAK_p-300x132.jpg 300w\" sizes=\"auto, (max-width: 481px) 100vw, 481px\" \/><\/a><strong>Impresora 3D PORTRAIT KODAK<\/strong><\/p>\n<p><strong>\u25ba\u00a0 EQUIPO Y FILAMENTOS DE FABRICACI\u00d3N NACIONAL<br \/>\n<\/strong><strong>\u25ba\u00a0 CALIDAD DE EXPORTACI\u00d3N\u00a0<\/strong><\/p>\n<h3>\u00a0 <span style=\"color: #ff9900;\"><strong>u<\/strong><\/span><span style=\"color: #ff9900;\"><strong>$<\/strong><\/span><span style=\"color: #ff9900;\"><strong>s 3499.-\u00a0 |\u00a0 4 a\u00f1os de garant\u00eda<\/strong><\/span><\/h3>\n<p style=\"padding-left: 120px;\"><a class=\"cherry-btn cherry-btn-primary cherry-btn-large cherry-btn-inline cherry-btn-fade   button-692\" target=\"_blank\" href=\"https:\/\/www.dryada.com.ar\/?page_id=1666\">Contactanos<\/a>\n<p><strong>Ver cat\u00e1logo de filamentos <a href=\"https:\/\/www.dryada.com.ar\/wp-content\/uploads\/2019\/10\/KODAK3DPrintingFilaments-v071819.pdf\" target=\"_blank\" rel=\"noopener noreferrer\">aqu\u00ed<\/a><\/strong><\/p>\n<p><strong><span style=\"color: #ff6600;\"><a style=\"color: #ff6600;\" href=\"https:\/\/www.dryada.com.ar\/wp-content\/uploads\/2019\/10\/Kodak_Industrial_applications.pdf\" target=\"_blank\" rel=\"noopener noreferrer\">Impresi\u00f3n 3D KODAK en la industria<\/a><\/span> \u00a0|\u00a0 \u00a0<span style=\"color: #ff6600;\"><a style=\"color: #ff6600;\" href=\"https:\/\/www.dryada.com.ar\/wp-content\/uploads\/2019\/10\/Kodak_Medical_applications.pdf\" target=\"_blank\" rel=\"noopener noreferrer\">Aplicaciones en medicina de impresi\u00f3n 3D KODAK<\/a><\/span><\/strong><\/p>\n<\/div>\n<\/div>\n<div class=\"row row-edge  \" >\n<div class=\"col-md-12 col-xs-offset-0 col-sm-offset-0 col-md-offset-0 col-lg-offset-0 col-xs-pull-0 col-sm-pull-0 col-md-pull-0 col-lg-pull-0 col-xs-push-0 col-sm-push-0 col-md-push-0 col-lg-push-0\">\n<div class=\"cherry-box   box-448\"><div class=\"inner\">\n<\/div><\/div>\n<\/div>\n<\/div>\n<div class=\"row row-edge  \" >\n<div class=\"col-md-6 col-xs-offset-0 col-sm-offset-0 col-md-offset-0 col-lg-offset-0 col-xs-pull-0 col-sm-pull-0 col-md-pull-0 col-lg-pull-0 col-xs-push-0 col-sm-push-0 col-md-push-0 col-lg-push-0\">\n<div class=\"cherry-box   box-787\"><div class=\"inner\">\n<p><strong>Construido para la productividad<br \/>\n<\/strong>La impresora 3D KODAK Portrait tiene un sistema de fabricaci\u00f3n confiable, capaz de producir piezas de uso final en una amplia variedad de materiales. Su estructura de acero s\u00f3lido, componentes de calidad y dise\u00f1o cuidadoso dan como resultado un alto tiempo de funcionamiento con bajos costos de mantenimiento.<\/p>\n<p><strong>Facilidad de uso<br \/>\n<\/strong>Solo un entorno completamente cerrado con componentes totalmente de acero. y un sistema de elevaci\u00f3n de doble extrusi\u00f3n puede garantizar un buen rendimiento al usar pol\u00edmeros de alta temperatura.<\/p>\n<\/div><\/div>\n<\/div>\n<div class=\"col-md-6 col-xs-offset-0 col-sm-offset-0 col-md-offset-0 col-lg-offset-0 col-xs-pull-0 col-sm-pull-0 col-md-pull-0 col-lg-pull-0 col-xs-push-0 col-sm-push-0 col-md-push-0 col-lg-push-0\">\n<div class=\"cherry-box   box-563\"><div class=\"inner\">\n<p><strong>Fiabilidad en materiales de ingenier\u00eda<br \/>\n<\/strong>Pantalla t\u00e1ctil intuitiva, nivelaci\u00f3n y calibraci\u00f3n autom\u00e1ticas y par\u00e1metros de impresi\u00f3n preestablecidos.<\/p>\n<p><strong>Plataforma de impresi\u00f3n 3D profesional<\/strong><br \/>\nExperimente el acceso gratuito a la nube KODAK 3D, un Impresora compatible con TI software de gesti\u00f3n Desarrollado por 3DPrinterOS.<br \/>\n<strong><br \/>\nVariedad de materiales de alta calidad<\/strong><br \/>\nDesde flexibles hasta medias de nylon, nuestro baja humedad, alta dimensi\u00f3n filamentos de precisi\u00f3n complementar el hardware y software para servir a sus diferentes aplicaciones.<\/p>\n<\/div><\/div>\n<\/div>\n<\/div>\n<div class=\"row row-edge  \" >\n<div class=\"col-md-3 col-xs-offset-0 col-sm-offset-0 col-md-offset-0 col-lg-offset-0 col-xs-pull-0 col-sm-pull-0 col-md-pull-0 col-lg-pull-0 col-xs-push-0 col-sm-push-0 col-md-push-0 col-lg-push-0\">\n<div class=\"aligncenter  -wrapper\"><a class=\"cherry-btn cherry-btn-primary cherry-btn-medium cherry-btn-inline cherry-btn-fade  \" target=\"_blank\" href=\"https:\/\/support.smart3d.tech\/hc\/en-us\">CENTRO DE AYUDA<\/a><\/div>\n<\/div>\n<div class=\"col-md-3 col-xs-offset-0 col-sm-offset-0 col-md-offset-0 col-lg-offset-0 col-xs-pull-0 col-sm-pull-0 col-md-pull-0 col-lg-pull-0 col-xs-push-0 col-sm-push-0 col-md-push-0 col-lg-push-0\">\n<div class=\"aligncenter  -wrapper\"><a class=\"cherry-btn cherry-btn-primary cherry-btn-medium cherry-btn-inline cherry-btn-fade  \" target=\"_self\" href=\"https:\/\/support.smart3d.tech\/hc\/en-us\/community\/topics\">COMUNIDAD KODAK<\/a><\/div>\n<\/div>\n<div class=\"col-md-3 col-xs-offset-0 col-sm-offset-0 col-md-offset-0 col-lg-offset-0 col-xs-pull-0 col-sm-pull-0 col-md-pull-0 col-lg-pull-0 col-xs-push-0 col-sm-push-0 col-md-push-0 col-lg-push-0\">\n<div class=\"aligncenter  -wrapper\"><a class=\"cherry-btn cherry-btn-primary cherry-btn-medium cherry-btn-inline cherry-btn-fade  \" target=\"_self\" href=\"https:\/\/www.smart3d.tech\/products\/software\/\">DESCARGA SOFTWARE<\/a><\/div>\n<\/div>\n<div class=\"col-md-3 col-xs-offset-0 col-sm-offset-0 col-md-offset-0 col-lg-offset-0 col-xs-pull-0 col-sm-pull-0 col-md-pull-0 col-lg-pull-0 col-xs-push-0 col-sm-push-0 col-md-push-0 col-lg-push-0\">\n<div class=\"aligncenter  -wrapper\"><a class=\"cherry-btn cherry-btn-primary cherry-btn-medium cherry-btn-inline cherry-btn-fade  \" target=\"_blank\" href=\"https:\/\/www.smart3d.tech\/\">WEB<\/a><\/div>\n<\/div>\n<\/div>\n","protected":false},"excerpt":{"rendered":"","protected":false},"author":4,"featured_media":1680,"parent":805,"menu_order":0,"comment_status":"closed","ping_status":"closed","template":"","meta":{"footnotes":""},"class_list":["post-1678","page","type-page","status-publish","has-post-thumbnail","hentry"],"_links":{"self":[{"href":"https:\/\/www.dryada.com.ar\/index.php?rest_route=\/wp\/v2\/pages\/1678","targetHints":{"allow":["GET"]}}],"collection":[{"href":"https:\/\/www.dryada.com.ar\/index.php?rest_route=\/wp\/v2\/pages"}],"about":[{"href":"https:\/\/www.dryada.com.ar\/index.php?rest_route=\/wp\/v2\/types\/page"}],"author":[{"embeddable":true,"href":"https:\/\/www.dryada.com.ar\/index.php?rest_route=\/wp\/v2\/users\/4"}],"replies":[{"embeddable":true,"href":"https:\/\/www.dryada.com.ar\/index.php?rest_route=%2Fwp%2Fv2%2Fcomments&post=1678"}],"version-history":[{"count":19,"href":"https:\/\/www.dryada.com.ar\/index.php?rest_route=\/wp\/v2\/pages\/1678\/revisions"}],"predecessor-version":[{"id":1825,"href":"https:\/\/www.dryada.com.ar\/index.php?rest_route=\/wp\/v2\/pages\/1678\/revisions\/1825"}],"up":[{"embeddable":true,"href":"https:\/\/www.dryada.com.ar\/index.php?rest_route=\/wp\/v2\/pages\/805"}],"wp:featuredmedia":[{"embeddable":true,"href":"https:\/\/www.dryada.com.ar\/index.php?rest_route=\/wp\/v2\/media\/1680"}],"wp:attachment":[{"href":"https:\/\/www.dryada.com.ar\/index.php?rest_route=%2Fwp%2Fv2%2Fmedia&parent=1678"}],"curies":[{"name":"wp","href":"https:\/\/api.w.org\/{rel}","templated":true}]}}